{"id":576,"date":"2025-12-12T17:26:25","date_gmt":"2025-12-12T14:26:25","guid":{"rendered":"https:\/\/atamedakademi.com\/?page_id=576"},"modified":"2025-12-12T17:37:49","modified_gmt":"2025-12-12T14:37:49","slug":"ilk-yardim-egitimi","status":"publish","type":"page","link":"https:\/\/atamedakademi.com\/?page_id=576","title":{"rendered":"\u0130lk Yard\u0131m"},"content":{"rendered":"\t\t<div data-elementor-type=\"wp-page\" data-elementor-id=\"576\" class=\"elementor elementor-576\">\n\t\t\t\t<div class=\"elementor-element elementor-element-5064d05 e-con-full e-flex e-con e-parent\" data-id=\"5064d05\" data-element_type=\"container\" data-e-type=\"container\">\n\t\t\t\t<div class=\"elementor-element elementor-element-cd79011 elementor-widget elementor-widget-heading\" data-id=\"cd79011\" data-element_type=\"widget\" data-e-type=\"widget\" data-widget_type=\"heading.default\">\n\t\t\t\t<div class=\"elementor-widget-container\">\n\t\t\t\t\t<h2 class=\"elementor-heading-title elementor-size-default\">\u0130lk Yard\u0131m Nedir?<\/h2>\t\t\t\t<\/div>\n\t\t\t\t<\/div>\n\t\t\t\t<div class=\"elementor-element elementor-element-c902497 elementor-widget elementor-widget-text-editor\" data-id=\"c902497\" data-element_type=\"widget\" data-e-type=\"widget\" data-widget_type=\"text-editor.default\">\n\t\t\t\t<div class=\"elementor-widget-container\">\n\t\t\t\t\t\t\t\t\t<p>\u00a0 \u00a0 \u00a0 \u00a0 \u00a0Herhangi bir kaza veya ya\u015fam\u0131 tehlikeye d\u00fc\u015f\u00fcren bir durumda, sa\u011fl\u0131k g\u00f6revlilerinin yard\u0131m\u0131 sa\u011flan\u0131ncaya<br \/>kadar, hayat\u0131n kurtar\u0131lmas\u0131 ya da durumun k\u00f6t\u00fcye gitmesini \u00f6nleyebilmek amac\u0131 ile olay yerinde, t\u0131bbi ara\u00e7<br \/>gere\u00e7 aranmaks\u0131z\u0131n, mevcut ara\u00e7 ve gere\u00e7lerle yap\u0131lan ila\u00e7s\u0131z uygulamalard\u0131r.\u00a0<\/p>\t\t\t\t\t\t\t\t<\/div>\n\t\t\t\t<\/div>\n\t\t\t\t<div class=\"elementor-element elementor-element-52976f0 elementor-widget elementor-widget-video\" data-id=\"52976f0\" data-element_type=\"widget\" data-e-type=\"widget\" data-settings=\"{&quot;youtube_url&quot;:&quot;https:\\\/\\\/www.youtube.com\\\/watch?v=wtXKudBONy4&quot;,&quot;video_type&quot;:&quot;youtube&quot;,&quot;controls&quot;:&quot;yes&quot;}\" data-widget_type=\"video.default\">\n\t\t\t\t<div class=\"elementor-widget-container\">\n\t\t\t\t\t\t\t<div class=\"elementor-wrapper elementor-open-inline\">\n\t\t\t<div class=\"elementor-video\"><\/div>\t\t<\/div>\n\t\t\t\t\t\t<\/div>\n\t\t\t\t<\/div>\n\t\t\t\t<\/div>\n\t\t\t\t<\/div>\n\t\t","protected":false},"excerpt":{"rendered":"<p>\u0130lk Yard\u0131m Nedir? \u00a0 \u00a0 \u00a0 \u00a0 \u00a0Herhangi bir kaza veya ya\u015fam\u0131 tehlikeye d\u00fc\u015f\u00fcren bir durumda, sa\u011fl\u0131k g\u00f6revlilerinin yard\u0131m\u0131 sa\u011flan\u0131ncayakadar, hayat\u0131n kurtar\u0131lmas\u0131 ya da durumun k\u00f6t\u00fcye gitmesini \u00f6nleyebilmek amac\u0131 ile olay yerinde, t\u0131bbi ara\u00e7gere\u00e7 aranmaks\u0131z\u0131n, mevcut ara\u00e7 ve gere\u00e7lerle yap\u0131lan ila\u00e7s\u0131z uygulamalard\u0131r.\u00a0 https:\/\/www.youtube.com\/watch?v=wtXKudBONy4<\/p>\n","protected":false},"author":1,"featured_media":0,"parent":0,"menu_order":0,"comment_status":"closed","ping_status":"closed","template":"","meta":{"footnotes":""},"class_list":["post-576","page","type-page","status-publish","hentry"],"_links":{"self":[{"href":"https:\/\/atamedakademi.com\/index.php?rest_route=\/wp\/v2\/pages\/576","targetHints":{"allow":["GET"]}}],"collection":[{"href":"https:\/\/atamedakademi.com\/index.php?rest_route=\/wp\/v2\/pages"}],"about":[{"href":"https:\/\/atamedakademi.com\/index.php?rest_route=\/wp\/v2\/types\/page"}],"author":[{"embeddable":true,"href":"https:\/\/atamedakademi.com\/index.php?rest_route=\/wp\/v2\/users\/1"}],"replies":[{"embeddable":true,"href":"https:\/\/atamedakademi.com\/index.php?rest_route=%2Fwp%2Fv2%2Fcomments&post=576"}],"version-history":[{"count":8,"href":"https:\/\/atamedakademi.com\/index.php?rest_route=\/wp\/v2\/pages\/576\/revisions"}],"predecessor-version":[{"id":590,"href":"https:\/\/atamedakademi.com\/index.php?rest_route=\/wp\/v2\/pages\/576\/revisions\/590"}],"wp:attachment":[{"href":"https:\/\/atamedakademi.com\/index.php?rest_route=%2Fwp%2Fv2%2Fmedia&parent=576"}],"curies":[{"name":"wp","href":"https:\/\/api.w.org\/{rel}","templated":true}]}}